{"id":42,"date":"2021-04-20T17:30:41","date_gmt":"2021-04-20T17:30:41","guid":{"rendered":"http:\/\/aucafera.eu\/?page_id=42"},"modified":"2021-06-25T19:20:43","modified_gmt":"2021-06-25T19:20:43","slug":"naturleben","status":"publish","type":"page","link":"https:\/\/aucafera.eu\/?page_id=42","title":{"rendered":"Naturleben"},"content":{"rendered":"\n<div class=\"wp-block-image is-style-default\"><figure class=\"alignleft size-medium is-resized\"><img loading=\"lazy\" decoding=\"async\" src=\"http:\/\/aucafera.eu\/wp-content\/uploads\/2021\/04\/20191027_061616-225x300.jpg\" alt=\"\" class=\"wp-image-112\" width=\"169\" height=\"225\" srcset=\"https:\/\/aucafera.eu\/wp-content\/uploads\/2021\/04\/20191027_061616-225x300.jpg 225w, https:\/\/aucafera.eu\/wp-content\/uploads\/2021\/04\/20191027_061616-768x1024.jpg 768w, https:\/\/aucafera.eu\/wp-content\/uploads\/2021\/04\/20191027_061616-1152x1536.jpg 1152w, https:\/\/aucafera.eu\/wp-content\/uploads\/2021\/04\/20191027_061616-1536x2048.jpg 1536w, https:\/\/aucafera.eu\/wp-content\/uploads\/2021\/04\/20191027_061616-scaled.jpg 1920w\" sizes=\"auto, (max-width: 169px) 100vw, 169px\" \/><\/figure><\/div>\n\n\n\n<p><strong><em>\u201e<u>Ach jeh \u2013 was mach ich mit dem Reh? Einblicke in die \u201eGr\u00fcne, Rote und Wei\u00dfe Arbeit<\/u>\u201c<\/em><\/strong><br><br>&#8222;Mehr Bio geht nicht\u201c \u2013 so klingt es glaubhaft in der Werbung.<br><br>In unserem Kurs folgen wir den F\u00e4hrten des \u201eLebensmittels Wildbret\u201c: Wo kommt es her? Wie hat es gelebt? Wie kommt es in meine K\u00fcche? Wie kann ich es m\u00f6glichst vollst\u00e4ndig \u201everwerten\u201c? Wem geh\u00f6rt das Geweih?<\/p>\n\n\n\n<div style=\"height:5px\" aria-hidden=\"true\" class=\"wp-block-spacer\"><\/div>\n\n\n\n<div class=\"wp-block-image\"><figure class=\"alignright size-medium\"><img loading=\"lazy\" decoding=\"async\" width=\"300\" height=\"193\" src=\"https:\/\/aucafera.eu\/wp-content\/uploads\/2021\/06\/TT21_BST9712_hirsch-macht-Urlaub-beitrag-600x386-1-300x193.jpg\" alt=\"\" class=\"wp-image-184\" srcset=\"https:\/\/aucafera.eu\/wp-content\/uploads\/2021\/06\/TT21_BST9712_hirsch-macht-Urlaub-beitrag-600x386-1-300x193.jpg 300w, https:\/\/aucafera.eu\/wp-content\/uploads\/2021\/06\/TT21_BST9712_hirsch-macht-Urlaub-beitrag-600x386-1.jpg 600w\" sizes=\"auto, (max-width: 300px) 100vw, 300px\" \/><\/figure><\/div>\n\n\n\n<p><strong><em><u>\u201eHerr Hirsch macht Urlaub \u2013 und was machen die anderen Tiere im Sommerwald?\u201c<\/u><\/em><\/strong><br><br>Im Sommer haben die Tiere in Wald und Feld viel zu tun: Nachwuchs zur Welt bringen und gro\u00dfziehen, sich richtig sattfuttern, Vorr\u00e4te anlegen, Partner finden, Reviere gegen Konkurrenten verteidigen, sich vor Menschen und Hunden in Acht nehmen \u2026<br><br>\u2026 aber einer tut sich raus und macht Urlaub: Herr Hirsch!<br><br>Im Erlebnismuseum Lernort Natur in Monschau lernen wir Herrn Hirsch kennen und h\u00f6ren, warum er Urlaub macht wenn andere flei\u00dfig sind.<\/p>\n\n\n\n<p><\/p>\n","protected":false},"excerpt":{"rendered":"<p>Hier geht es um Einblicke in das Leben der Natur, der Pflanzen und Tiere, der Beziehungen in \u00d6kosystemen und Biotopen \u2013 aber auch um unser Leben als Teil der Natur und was Mensch damit macht.<br \/>\nZum Beispiel \u2026<\/p>\n","protected":false},"author":1,"featured_media":68,"parent":0,"menu_order":0,"comment_status":"closed","ping_status":"closed","template":"","meta":{"footnotes":""},"class_list":["post-42","page","type-page","status-publish","has-post-thumbnail","hentry"],"_links":{"self":[{"href":"https:\/\/aucafera.eu\/index.php?rest_route=\/wp\/v2\/pages\/42","targetHints":{"allow":["GET"]}}],"collection":[{"href":"https:\/\/aucafera.eu\/index.php?rest_route=\/wp\/v2\/pages"}],"about":[{"href":"https:\/\/aucafera.eu\/index.php?rest_route=\/wp\/v2\/types\/page"}],"author":[{"embeddable":true,"href":"https:\/\/aucafera.eu\/index.php?rest_route=\/wp\/v2\/users\/1"}],"replies":[{"embeddable":true,"href":"https:\/\/aucafera.eu\/index.php?rest_route=%2Fwp%2Fv2%2Fcomments&post=42"}],"version-history":[{"count":10,"href":"https:\/\/aucafera.eu\/index.php?rest_route=\/wp\/v2\/pages\/42\/revisions"}],"predecessor-version":[{"id":196,"href":"https:\/\/aucafera.eu\/index.php?rest_route=\/wp\/v2\/pages\/42\/revisions\/196"}],"wp:featuredmedia":[{"embeddable":true,"href":"https:\/\/aucafera.eu\/index.php?rest_route=\/wp\/v2\/media\/68"}],"wp:attachment":[{"href":"https:\/\/aucafera.eu\/index.php?rest_route=%2Fwp%2Fv2%2Fmedia&parent=42"}],"curies":[{"name":"wp","href":"https:\/\/api.w.org\/{rel}","templated":true}]}}